t(p) = -p**3 - 2*p**2 + 2. Let v be t(-2). Suppose v*r = 6*r. Determine d(r).
-2
Suppose 8*q - q - 63 = 0. Let g(w) = w**2 - 10*w + 14. Give g(q).
5
Let j(i) = 3*i + 2*i - 9*i. Determine j(-2).
8
Let z(r) = 2*r + 3*r - 2*r**2 - 12 + 4 + 4*r**2 + 0*r. What is z(-6)?
34
Let r(t) = t**3 + 6*t**2 + t - 1. Let w(d) = 14*d**2 - 2*d + 1. Let v be w(1). Let k = -25 + v. Let g = k - -6. What is r(g)?
-7
Let m(z) = z**3 - 9*z**2 - z + 6. Suppose 7*g - 3*g + 9 = 5*p, -5*g = 2*p - 30. Suppose -5*u + 2*o = -3*u - 12, -6 = u - p*o. What is m(u)?
-3
Let l be 12/9*3 + -2. Let v(r) = 9*r - 4*r**l - 2*r + 5*r**2 + 6. What is v(-4)?
-6
Let a(o) = 3*o - 9. Let z be a(19). Let d = z - 41. Let u(v) = v**2 - 9*v + 10. What is u(d)?
-4
Let d(s) = 0*s**3 - 3*s**2 - s**3 + 1 + 0*s**3. Let h = -4447 - -4445. Determine d(h).
-3
Let i = -119 - -114. Let g(j) = -9*j - 3. What is g(i)?
42
Let x(s) be the third derivative of 5/12*s**4 - 4*s**2 + 2/15*s**5 - 5/3*s**3 - 1/120*s**6 + 0*s + 0. Determine x(9).
-1
Let r(f) = -53*f - 54*f + 105*f + 17. Let a be r(9). Let h(z) = -23*z - 1. Determine h(a).
22
Let u be 99/(-6) + (-4)/8. Let l = -15 - u. Let j(x) = -3*x**2 + 2*x**2 - 9*x + 4 + 2*x**l. Give j(6).
-14
Let w(d) = 8*d**3 + 2. Let l(j) = -j**3 - j**2 - j + 1. Let f(y) = l(y) - w(y). Let n = 4487 + -4488. Determine f(n).
8
Suppose -h + 2*t - 9 = 0, -16*h + 3*t = -21*h + 7. Let q(v) = 5*v**3 - 2*v**2 - 2*v - 1. Determine q(h).
-6
Let i(l) be the first derivative of l**2/2 - 8*l - 3. Let z be (1 - 5)/((-7)/14). Let j = -4 + z. What is i(j)?
-4
Let m(s) = -4*s**2 - 7*s - 30. Let n(f) = -3*f**2 - 6*f - 26. Let t(c) = 4*m(c) - 5*n(c). Determine t(7).
-25
Let u(o) = -o**3 + 5*o**2 + 6*o - 1. Suppose 3*m + 5 = 5. Suppose 5*t - 24 - 6 = m. What is u(t)?
-1
Let v(w) = w**3 - w**2 - 1. Let h(x) = -5*x**3 + 10*x**2 + x + 3. Let f(z) = -h(z) - 4*v(z). What is f(5)?
-29
Suppose -2*j + 3*j = 1. Let a(u) = -u - 25*u**2 + 5 + 2*u + 24*u**2 - j. Give a(4).
-8
Let i(h) = h**2 - 7*h + 10. Suppose 17 = -10*r + 87. Give i(r).
10
Let b(o) = 7*o**3 + o**2 + 3. Let q(v) = -12*v**3 - 2*v**2 + v - 6. Let s(a) = 5*b(a) + 3*q(a). Determine s(-2).
-5
Let t(h) be the third derivative of -1/8*h**4 + 0 + 5/6*h**3 + 0*h + 37*h**2. Determine t(6).
-13
Let o(a) = -a**2 + 8*a - 7. Let s = 2 - 0. Let n(f) = -f + 15. Let m be n(10). Let x = s + m. What is o(x)?
0
Let i(w) = -w**2 + 5*w - 1. Let l = 43 - 23. Let b = l + -14. Determine i(b).
-7
Let y(p) be the third derivative of p**4/6 + p**3/6 + 252*p**2. Let j = -3 + 6. Suppose j*u = -0*u - 6. Determine y(u).
-7
Let v(l) = -11*l**2 + 1. Let o(r) = -r**2 + 25*r - 101. Let h be o(20). Determine v(h).
-10
Let u(w) = 1 - 4*w + w + 6*w**2 - w**3 + 2*w. Let d = 179 - 287. Let l be ((-2)/6)/(6/d). What is u(l)?
-5
Let l(s) = s**3 - s**2 - 2*s. Suppose 2*a = -4*f - 10, -6*a = 2*f - a + 1. Determine l(f).
-30
Let f(t) be the second derivative of -t**4/12 + t**2 - t. Let w be -7 + -1 - (-2 - (3 - 3)). Let y be ((-4)/w + 0)/((-4)/24). Give f(y).
-14
Let f be 80/35 - (-6)/(-21). Let d(o) = -o + 9. Let w be d(5). Let k(v) = 1 + w - 5*v**2 + 1 - 6*v - f + v**3. Give k(6).
4
Let g(n) = -7*n**3 + 2*n**2 - 3*n + 2. Let l be g(1). Let z be 2 - 1 - l/2. Suppose -4*w = -z - 0. Let j(t) = 2*t**3 + t**2 + t - 1. Give j(w).
3
Let k(c) = c**2 - 2*c + 12. Let p(n) = -3*n**2 + 7*n - 31. Let l(w) = 8*k(w) + 3*p(w). What is l(5)?
3
Suppose 0 = 2*a - 2*h + 6, -4*h - 12 = 4*a - 5*a. Let c(o) = -o**2 - 8*o + 4. What is c(a)?
4
Let q(l) = 14*l + 2. Let x(t) = -5*t - 1. Let h(i) = -4*q(i) - 11*x(i). What is h(5)?
-2
Suppose -16*g + 59 = -101. Let l(q) = q**2 - 11*q + 4. Give l(g).
-6
Let u(w) be the first derivative of w**4/4 + w**3 - 2*w**2 - 6*w + 5. Let t = 0 + 1. Let c be (-4)/(t - 2 - -2). Determine u(c).
-6
Let g(k) be the second derivative of -3*k + 7/6*k**3 + 2*k**2 + 1/6*k**4 + 0. What is g(-4)?
8
Let m be -7 - (-108)/(-12) - -9. Let p(c) = 4 - 3*c + 5*c - 3*c. Calculate p(m).
11
Let g be -1*8/2 + 23. Let w = -16 + g. Suppose 1 = 3*c + 2*f + 9, -c - f - w = 0. Let n(u) = -u**3 - u**2 - 4*u - 3. Give n(c).
9
Let u(k) = -5*k**2 + 2*k + 1. Let v(m) = -m**3 - 7*m**2 - 4*m - 24. Let b be v(-7). Let w = b - 5. Calculate u(w).
-6
Let g(b) be the second derivative of -b**8/6720 + b**7/504 + b**6/90 - b**5/20 + b**4/12 + b. Let i(j) be the third derivative of g(j). Give i(6).
6
Let o(j) = -2*j - 16. Let x be 9/15 + (-812)/70. Give o(x).
6
Let z(p) be the first derivative of p**4/4 + p**3 - 7*p**2/2 - 4*p - 118. Calculate z(-4).
8
Suppose -2 = 7*c + 5. Let f(q) be the second derivative of q**3 - q**2/2 - 11*q. Determine f(c).
-7
Let p(d) be the third derivative of -d**7/2520 + 7*d**6/720 + d**5/40 - 7*d**4/6 + 27*d**2. Let x(w) be the second derivative of p(w). What is x(6)?
9
Let u = -8009 - -8009. Let o(p) = 7*p**2 - 3*p + 6. Let h(g) = 11*g**2 - 5*g + 9. Let f(y) = 5*h(y) - 8*o(y). Determine f(u).
-3
Let q be ((0 - 2)/2)/(-1). Let v(s) = 6*s**2 - 3*s**2 - s + 1 - s**2 - 5*s**2. Determine v(q).
-3
Suppose 0 = 4*s + 4*m + 28, 3*s = -4*m + 6*m - 6. Let d(c) = 0 + 7 - 3 + c**2 + 3*c. Calculate d(s).
8
Let d(q) = 4*q**2 + q - 3. Let b(g) = -21*g**2 - 6*g + 16. Let p(t) = 2*b(t) + 11*d(t). Let v be (-2)/(2/24 + 69/36). Calculate p(v).
2
Let m(q) = q**3 - 6*q**2 + 5*q + 2. Let r(p) be the first derivative of 5*p**2 - 45*p + 19. Let d be r(5). Calculate m(d).
2
Let p(s) be the third derivative of -s**5/60 + s**4/24 + s**3/3 + 5*s**2 - 17. Calculate p(-4).
-18
Let v(t) = 8*t + 6*t + 2*t. Let u(n) = n**3 + 38*n**2 + 72*n - 1. Let j be u(-36). Calculate v(j).
-16
Let d(a) be the second derivative of a**3/6 - a**2 - 101*a. Let q(k) = k**2 - 3*k + 3. Let s be q(3). What is d(s)?
1
Let y(z) = -2. Let g(l) = 2*l + 7. Let x(h) = -g(h) + y(h). Determine x(-9).
9
Let i(c) = -c**2 + c - 12. Let y = 81 + -43. Suppose 41*z - y*z = 0. Give i(z).
-12
Let n(a) = -17*a + 50. Let d(u) = 5*u - 16. Let p(l) = 7*d(l) + 2*n(l). Give p(9).
-3
Let q(k) = k - 4. Let p be q(4). Suppose -4*u = 20 - p. Let n(c) = -4 - 7*c**2 + 0 + 6*c**2 - 50*c + 43*c. Give n(u).
6
Let h(g) be the second derivative of g**4/6 + g**3/2 + 3*g**2/2 + 5*g + 2. What is h(-5)?
38
Let p be 320/(-152) - -9 - (-6)/57. Let y(t) = -t**3 + 7*t**2 - 2*t + 3. Determine y(p).
-11
Let a be ((-3)/5)/((-10)/50). Suppose -1 = a*n - 7. Let v(o) = 1 - 6*o - 2 - 15*o**3 + o**n + 4*o + 16*o**3. What is v(-3)?
-13
Let l(m) = 14*m**2 - 48*m - 47. Let d(c) = 5*c**2 - 17*c - 16. Let f(w) = 17*d(w) - 6*l(w). Calculate f(0).
10
Let b = -8 - -15. Suppose b*c = 2 - 23. Let k(t) = -7*t - 17. Let f(m) = -3*m - 8. Let w(u) = 5*f(u) - 2*k(u). Give w(c).
-3
Suppose 2*z - 8 = 0, -4*p - 6*z - 64 = -10*z. Let y(o) = -o**3 - 13*o**2 - 10*o + 17. What is y(p)?
-7
Suppose -2*y = -4*h + 8, 3*y + 9*h = 4*h + 32. Let k(s) be the second derivative of s**3/2 - 3*s**2/2 + s. Give k(y).
9
Let s(y) = -2*y + y**3 + 180*y**2 - 179*y**2 + 149 - 150. Suppose 0*k + k + 2 = 0. Give s(k).
-1
Let p(x) be the first derivative of 2*x**3/3 + 3*x**2 - 10*x - 393. Give p(-6).
26
Let l(o) be the third derivative of -o**4/12 + o**3 - 93*o**2 - 1. What is l(3)?
0
Let m(n) = n**3 + n**2 - 3*n - 3. Let s be 11/(-33) + (-20)/(-6). Suppose 0 = 4*t - s*t + 36. Let o be ((-6)/(-4))/(t/48). What is m(o)?
-1
Let k be (-4 - -1)/((-12)/8). Let a(q) = 14*q**3 + q + 2*q**3 - 1 - 5*q**k + 4*q**2. Calculate a(1).
15
Let b be 2*(-4 + -3 + 6). Let i(k) = 10*k + 3. Give i(b).
-17
Let v(m) = -3*m**2 - 3*m - 3. Let p(t) = t + 1. Suppose 2*c - 2 - 7 = -3*n, 14 = 2*n + 4*c. Let d(u) = n*v(u) + 4*p(u). What is d(-1)?
-3
Let a(o) be the second derivative of 0 + 1/3*o**3 - 1/2*o**4 - 15*o + 1/20*o**5 + 0*o**2. Calculate a(5).
-15
Suppose -2 = 4*p + 18. Suppose -3*r = 4*w - r - 68, -w = 2*r - 23. Let q(v) = -8 - 6 - v + w. What is q(p)?
6
Let u be (-75)/(-100) - (-370)/8. Let n(w) = -14 + u - 20 - 17 - w. Let a = 12 - 17. Determine n(a).
1
Let b(d) = 2*d - 5. Let h(k) = k. Let y(g) = -g - 5. Let c(f) = 3*h(f) + y(f). Let o(t) = 4*b(t) - 5*c(t). Suppose q + 1 = 6. What is o(q)?
-5
Let x(s) be the third derivative of -s**4/24 + s**3/3 + 45*s**2. Let g(b) = 6*b - 12. Let a(h) = -g(h) - 5*x(h). Determine a(6).
-4
Let z(o) = -4*o**2 + 3*o - 1. Let d = 181 + -179. Let v(a) = -a**2 - 2*a + 2. Let k be v(-2). Suppose -d = -2*g + k. Give